is 11100011011110010 + -101?
11100011011101101
In base 6, what is 202 - -13310?
13512
In base 3, what is -10201020 - 201?
-10201221
In base 4, what is 11 + 13120222?
13120233
In base 5, what is 2 + 10311122?
10311124
In base 14, what is -165a + 1?
-1659
In base 15, what is 2 + -8935b?
-89359
In base 9, what is -37 + 640?
602
In base 9, what is 124 - 871?
-746
In base 6, what is -2 - 2324552?
-2324554
In base 2, what is 100000010101111 - -110111?
100000011100110
In base 4, what is 11 + -3213110?
-3213033
In base 2, what is -11 - 10000111000000000111?
-10000111000000001010
In base 12, what is 242 - -136?
378
In base 12, what is 9ba2 + -10?
9b92
In base 13, what is -9 + -2ccb?
-3007
In base 14, what is 7c3 - ba7?
-3c4
In base 16, what is 13d4 - -a?
13de
In base 7, what is 24630 - 122?
24505
In base 5, what is 103211 + -14?
103142
In base 15, what is -5cbd4 - 5?
-5cbd9
In base 10, what is 1 - 3150?
-3149
In base 6, what is 50 + -23210?
-23120
In base 5, what is -422 - -1130244?
1124322
In base 9, what is 3425 - -1?
3426
In base 3, what is -2 - -212111001202?
212111001200
In base 10, what is -876 + 146?
-730
In base 9, what is -13460 + -27?
-13487
In base 2, what is 111001001010011 - -101?
111001001011000
In base 8, what is 4414 - 322?
4072
In base 6, what is -5 + 14451202?
14451153
In base 12, what is 81 + -2ba3?
-2b22
In base 6, what is -2 + -234210?
-234212
In base 12, what is 18 - -b045?
b061
In base 2, what is 10111101000011 - 100001?
10111100100010
In base 16, what is 121 + 120?
241
In base 4, what is 3221202 - -11?
3221213
In base 4, what is 0 - -1123030?
1123030
In base 8, what is 12671 + -4?
12665
In base 10, what is -13 - -5831?
5818
In base 16, what is -2 - 3596?
-3598
In base 13, what is -4cc - 3a?
-539
In base 8, what is 10 + -3244?
-3234
In base 4, what is -1 - 2302212110?
-2302212111
In base 3, what is 10221112 - -2100?
11000212
In base 4, what is 133130 - 11012?
122112
In base 2, what is -10100111001100010 - -100?
-10100111001011110
In base 13, what is -28193 - 2?
-28195
In base 12, what is 4 + -3b44?
-3b40
In base 2, what is -1000001110110001010000 + 1?
-1000001110110001001111
In base 9, what is -7 - -20483?
20475
In base 15, what is 0 + -4cbe8?
-4cbe8
In base 13, what is 7b96 - -9?
7ba2
In base 15, what is 8 + 1345?
134d
In base 6, what is -5331445 - -2?
-5331443
In base 3, what is 1 - -200111112111?
200111112112
In base 7, what is -10 - 33112?
-33122
In base 9, what is -5 + 1203434?
1203428
In base 4, what is 332211211 - -2?
332211213
In base 5, what is 12 - -1044322?
1044334
In base 3, what is -11110012 - 1002112?
-12112201
In base 8, what is -175 + -2076?
-2273
In base 11, what is 5 + 0?
5
In base 7, what is 440 + 1613?
2353
In base 16, what is c + -33b6?
-33aa
In base 8, what is 115372 - -4?
115376
In base 12, what is a1127 + 2?
a1129
In base 8, what is -20606 + -2?
-20610
In base 4, what is -11 + -1002320?
-1002331
In base 8, what is -3106 + 1010?
-2076
In base 12, what is -372 + -45?
-3b7
In base 12, what is -1642 - 50?
-1692
In base 13, what is -2c03 - c?
-2c12
In base 2, what is 100011000011 - 10010000?
100000110011
In base 7, what is -4606 + 6?
-4600
In base 14, what is -a83b - 1?
-a83c
In base 4, what is -323123013 + 2?
-323123011
In base 16, what is -ecc7 - 0?
-ecc7
In base 12, what is -7 + -4072?
-4079
In base 13, what is 1 - -37c9?
37ca
In base 11, what is 1 - 6073?
-6072
In base 6, what is -20225535 + -12?
-20225551
In base 2, what is -101100111011 + 111?
-101100110100
In base 14, what is 46 - -85d?
8a5
In base 16, what is -18cd9 + 41?
-18c98
In base 10, what is 4 - 96977?
-96973
In base 15, what is 28ba + -2d?
288c
In base 3, what is 202011 - 221?
201020
In base 2, what is 101011101100011100011 + 10?
101011101100011100101
In base 10, what is -14 - 1649?
-1663
In base 12, what is 1 - -201127?
201128
In base 12, what is -66 + -483?
-529
In base 3, what is 1110002010 - 112?
1110001121
In base 15, what is 3791 - -3e?
37d0
In base 4, what is -13 + 111130130?
111130111
In base 11, what is -400 - 157?
-557
In base 4, what is -10032310 - 12?
-10032322
In base 10, what is 6577 + 5?
6582
In base 6, what is 20 - 53204?
-53144
In base 8, what is 1406 + -305?
1101
In base 8, what is 0 + -126066?
-126066
In base 11, what is -96 - 57?
-142
In base 14, what is 331c87 + 4?
331c8b
In base 14, what is -2ba + -260?
-53a
In base 10, what is 594041 + -5?
594036
In base 2, what is 100101100010 - -10110?
100101111000
In base 9, what is 311 + 84?
405
In base 14, what is 46 - 343?
-2db
In base 11, what is 10 + 101127?
101137
In base 9, what is 151344 + -3?
151341
In base 15, what is -42d - 1?
-42e
In base 8, what is -4 - 620?
-624
In base 15, what is 2 + -4162?
-4160
In base 10, what is 1 + -91607?
-91606
In base 5, what is -143 + -4424243?
-4424441
In base 3, what is 1 - 2210100?
-2210022
In base 5, what is -2003413 - -10?
-2003403
In base 9, what is -88220 + 0?
-88220
In base 2, what is -11 - -10011001001110?
10011001001011
In base 15, what is 6 - 3287?
-3281
In base 10, what is 2 - -370820?
370822
In base 15, what is -444 - 209?
-64d
In base 4, what is -110 + -121133?
-121303
In base 2, what is -1000 + -1000110000011110011?
-1000110000011111011
In base 16, what is 5174 + -20?
5154
In base 3, what is 11212021 - 122201?
11012120
In base 6, what is -10 - 204334?
-204344
In base 2, what is 100011010101011 + -11?
100011010101000
In base 5, what is -202141 - -23?
-202113
In base 2, what is 10010000010110 + -1?
10010000010101
In base 6, what is 30 + 1253052?
1253122
In base 12, what is 8134 + -172?
7b82
In base 12, what is 2 + -384682?
-384680
In base 5, what is 12032 + -23?
12004
In base 4, what is 202322320 + -102?
202322212
In base 7, what is 0 + 205153?
205153
In base 2, what is -100010101 + -1100?
-100100001
In base 13, what is cc051 - -4?
cc055
In base 2, what is 1 + -1010100001110011?
-1010100001110010
In base 14, what is -1b982 + 2?
-1b980
In base 8, what is -30241 + -126?
-30367
In base 5, what is -14 - -34104?
34040
In base 14, what is -5944 - -14?
-5930
In base 11, what is -22a995 - 3?
-22a998
In base 14, what is 3160 - a?
3154
In base 3, what is -21001120 - 221?
-21002111
In base 16, what is b + -2130?
-2125
In base 13, what is a8c - 42?
a4a
In base 5, what is -223220 + -1004?
-224224
In base 7, what is -1233245 + 5?
-1233240
In base 11, what is 5698 + -2?
5696
In base 13, what is 37 + 11b?
155
In base 7, what is -466100 + 4?
-466063
In base 9, what is -223115 - 23?
-223138
In base 9, what is -1345810 + 5?
-1345804
In base 7, what is -2055 + 61?
-1664
In base 3, what is 1202101 - 20?
1202011
In base 14, what is 1934 - c?
1926
In base 16, what is 8ce08 - -3?
8ce0b
In base 9, what is 3513 + -58?
3444
In base 2, what is 10100 + -111111101010?
-111111010110
In base 12, what is 1 + 193b?
1940
In base 3, what is -1212200111 - -122?
-1212122212
In base 3, what is 20211020110 + 2?
20211020112
In base 7, what is 6350 - 143?
6204
In base 6, what is 205 - 143?
22
In base 8, what is -3 + 141272?
141267
In base 6, what is 3 - -555503?
555510
In base 12, what is 0 - 24218?
-24218
In base 6, what is 3555 + 313?
4312
In base 15, what is -8e5 - 16?
-90b
In base 11, what is -998 - -1a?
-979
In base 11, what is -51 - -1542a?
15389
In base 7, what is -10345 + -1015?
-11363
In base 12, what is -1806b + 2?
-18069
In base 5, what is 10003 + 1144?
11202
In base 11, what is -7626 + -35?
-7660
In base 15, what is 3013 + 12?
3025
In base 8, what is -6153771 + 4?
-6153765
In base 5, what is -1312 - 30?
-1342
In base 13, what is 5971 - c8?
5876
In base 8, what is -2652 - -423?
-2227
In base 8, what is 0 - 165034?
-165034
In base 3, what is -1200101 - -10?
-1200021
In base 15, what is 81d - 20?
7ed
In base 7, what is 400210 + 1?
400211
In base 12, what is -21 + 52b7?
5296
In base 9, what is -211 + -136?
-347
In base 16, what is -1 - 61f54?
-61f55
In base 7, what is 6126 - -333?
6462
In base 16, what is -5 - -13db2?
13dad
In base 12, what is -4 - -12361?
12359
In base 4, what is 201233 + 213?
202112
In base 4, what is -31 + -1032131?
-1032222
In base 10, what is -24 + -1249?
-1273
In base 15, what is 3 - 27944?
-27941
In base 9, what is -3024 - 71?
-3105
In base 15, what is -2ec46 - -1?
-2ec45
In base 3, what is 1202112110 + 1010?
1202120120
In base 2, what i